rt -283 (base 16) to base 10.
-643
What is -3d22 (base 15) in base 5?
-404312
-12354 (base 8) to base 12
-3124
What is 735 (base 8) in base 5?
3402
-1a1 (base 16) to base 10
-417
2113 (base 7) to base 6
3241
What is -13310300 (base 4) in base 14?
-b972
What is 110101001 (base 2) in base 7?
1145
-41023 (base 5) to base 9
-3551
What is 1701 (base 16) in base 2?
1011100000001
Convert 42868 (base 10) to base 2.
1010011101110100
Convert 221 (base 6) to base 12.
71
Convert 260 (base 8) to base 3.
20112
What is 120a6 (base 11) in base 13?
7c0c
Convert -1013 (base 8) to base 5.
-4043
Convert 2021302 (base 4) to base 7.
34465
5446 (base 7) to base 6
13001
Convert 11121120 (base 3) to base 7.
12543
-628 (base 13) to base 2
-10000011000
Convert 3377 (base 11) to base 9.
6073
What is 200111 (base 4) in base 13?
c32
Convert -1612 (base 8) to base 16.
-38a
13563 (base 8) to base 10
6003
1199 (base 11) to base 10
1560
What is 4293 (base 11) in base 15?
1a2d
32443 (base 5) to base 6
14224
-2551 (base 12) to base 5
-113422
What is 4242 (base 9) in base 6?
22232
What is 3565 (base 15) in base 3?
120120012
What is 5455 (base 6) in base 8?
2353
Convert -1000011 (base 2) to base 4.
-1003
Convert -96c (base 16) to base 15.
-aac
What is 799 (base 10) in base 8?
1437
What is 3023 (base 5) in base 13?
23b
-23330 (base 4) to base 2
-1011111100
Convert -2012121 (base 3) to base 16.
-649
What is -98 (base 16) in base 12?
-108
What is 1011000011000110 (base 2) in base 8?
130306
100111220 (base 4) to base 5
4120140
Convert -1827 (base 9) to base 4.
-111322
Convert -19790 (base 12) to base 5.
-2144104
-413113 (base 5) to base 6
-142353
-68 (base 14) to base 16
-5c
-1895 (base 13) to base 3
-12000222
Convert 348 (base 15) to base 14.
3b1
Convert 121213 (base 4) to base 8.
3147
What is -12123023 (base 4) in base 7?
-136502
Convert 19244 (base 10) to base 2.
100101100101100
34114 (base 5) to base 8
4551
Convert -1311 (base 8) to base 9.
-872
What is 3738 (base 11) in base 7?
20142
416 (base 8) to base 5
2040
Convert 33a (base 15) to base 12.
50a
What is 2484 (base 14) in base 11?
4888
-402c (base 13) to base 3
-110002220
100102 (base 3) to base 14
142
Convert -2665 (base 7) to base 11.
-854
Convert a1a (base 13) to base 10.
1713
What is -61571 (base 8) in base 5?
-1303330
2a6 (base 12) to base 15
1c9
What is 109 (base 12) in base 7?
306
Convert 10521 (base 11) to base 15.
47ce
Convert -21111120 (base 3) to base 2.
-1010101011101
112211 (base 3) to base 16
190
What is -1100101011 (base 2) in base 8?
-1453
12 (base 15) to base 11
16
Convert -514 (base 7) to base 2.
-100000000
What is -1021211 (base 4) in base 2?
-1001001100101
20002112 (base 4) to base 6
412222
What is -215 (base 12) in base 11?
-258
What is -6117 (base 14) in base 2?
-100000100101001
Convert -2087 (base 13) to base 10.
-4505
15345 (base 9) to base 6
120322
What is 255 (base 10) in base 5?
2010
-536 (base 9) to base 11
-369
20020130 (base 4) to base 2
1000001000011100
What is 325 (base 13) in base 8?
1032
Convert -120241 (base 6) to base 2.
-10100011100001
What is -1667 (base 13) in base 10?
-3296
Convert 71635 (base 8) to base 5.
1421342
40004 (base 7) to base 2
10010110001000
-2a (base 13) to base 3
-1100
212101 (base 3) to base 13
397
What is 1141 (base 7) in base 3?
120121
What is 110011110010110 (base 2) in base 4?
12132112
Convert 3745 (base 8) to base 12.
1205
203 (base 10) to base 16
cb
What is 798 (base 10) in base 5?
11143
What is -110110000111000 (base 2) in base 8?
-66070
Convert 495 (base 14) to base 5.
12130
Convert 201100 (base 4) to base 6.
13504
-44 (base 16) to base 7
-125
What is 210004 (base 5) in base 11?
5194
Convert -342 (base 14) to base 13.
-3a9
Convert -1a50 (base 11) to base 4.
-220210
246 (base 14) to base 5
3304
Convert -62e (base 16) to base 3.
-2011121
Convert -255 (base 11) to base 12.
-212
Convert -25b1 (base 13) to base 16.
-1507
What is -83a (base 11) in base 3?
-1101110
Convert -203 (base 6) to base 8.
-113
1201 (base 7) to base 2
110111010
What is 710 (base 9) in base 6?
2400
Convert -20110222 (base 3) to base 14.
-1a16
31101 (base 4) to base 8
1521
Convert 36a5 (base 11) to base 8.
11342
What is 4b1b (base 14) in base 8?
31545
What is -5b7 (base 13) in base 7?
-2621
Convert -4b02 (base 13) to base 11.
-8001
-381 (base 10) to base 5
-3011
Convert -1922 (base 13) to base 11.
-28a6
-12a9 (base 13) to base 11
-2011
Convert 848 (base 10) to base 13.
503
What is 564 (base 11) in base 6?
3043
1032332 (base 4) to base 13
23ba
Convert -522 (base 9) to base 4.
-12221
Convert 5987 (base 10) to base 12.
356b
Convert -1e8c (base 16) to base 2.
-1111010001100
-1b5 (base 14) to base 12
-257
What is 7310 (base 9) in base 16?
14eb
-6b69 (base 15) to base 5
-1212244
Convert -311403 (base 5) to base 3.
-112000211
What is 2957 (base 10) in base 7?
11423
Convert 12100 (base 3) to base 5.
1034
What is -3d0 (base 16) in base 8?
-1720
Convert -2044 (base 6) to base 16.
-1cc
-113310 (base 5) to base 9
-5682
What is 50 (base 7) in base 4?
203
Convert 1794 (base 11) to base 16.
8e9
Convert cd (base 14) to base 16.
b5
What is 10111010110100 (base 2) in base 10?
11956
-83 (base 16) to base 4
-2003
-155a (base 11) to base 6
-13133
Convert 36 (base 10) to base 6.
100
1556 (base 14) to base 7
14036
1107 (base 12) to base 3
2120121
What is 1343221 (base 5) in base 16?
6d20
What is -112022112 (base 3) in base 7?
-42266
Convert -10641 (base 10) to base 11.
-7aa4
-251 (base 14) to base 12
-327
Convert 10452 (base 11) to base 5.
441212
-23a0 (base 11) to base 7
-12066
3003 (base 7) to base 14
53a
What is -3506 (base 7) in base 4?
-110000
-1000010101101 (base 2) to base 16
-10ad
1ba (base 12) to base 2
100011110
Convert -15140 (base 8) to base 15.
-2002
What is -d1b (base 15) in base 12?
-185b
Convert -1151 (base 7) to base 5.
-3203
What is -501522 (base 6) in base 8?
-114572
Convert 112012200 (base 3) to base 10.
10359
340 (base 5) to base 9
115
What is 111010101001000 (base 2) in base 14?
ad28
Convert 1160 (base 9) to base 14.
45a
Convert 2201 (base 10) to base 7.
6263
What is -1826 (base 9) in base 8?
-2571
-1130434 (base 5) to base 3
-1001110022
What is -28210 (base 9) in base 4?
-10222311
Convert -3222 (base 5) to base 7.
-1163
-1188 (base 11) to base 6
-11100
What is 22030112 (base 4) in base 5?
2314000
Convert 101000110 (base 2) to base 5.
2301
-13b (base 14) to base 7
-504
2193 (base 10) to base 9
3006
4303 (base 6) to base 10
975
What is cc1 (base 13) in base 5?
32220
Convert -17c1 (base 13) to base 9.
-4760
What is 435121 (base 6) in base 4?
20310121
What is -23 (base 11) in base 4?
-121
Convert 1313 (base 13) to base 11.
2053
Convert 1022 (base 3) to base 4.
203
-540 (base 6) to base 10
-204
Convert -282 (base 13) to base 4.
-12330
15ab (base 13) to base 6
22423
What is 14481 (base 10) in base 3?
201212100
-130 (base 7) to base 10
-70
What is 852 (base 9) in base 11?
582
What is 6563 (base 15) in base 5?
1141333
2688 (base 11) to base 4
312130
Convert 104224 (base 6) to base 13.
3c85
1705 (base 13) to base 12
1b61
Convert 714 (base 8) to base 5.
3320
Convert -2643 (base 9) to base 7.
-5532
What is 671 (base 13) in base 6?
5042
130 (base 15) to base 16
10e
6a88 (base 12) to base 3
121100012
Convert -21212 (base 6) to base 10.
-2888
What is -429 (base 14) in base 8?
-1465
20424 (base 5) to base 16
554
What is -305 (base 9) in base 14?
-13a
What is -104033 (base 6) in base 10?
-8661
Convert 40 (base 10) to base 4.
220
What is 22ab (base 12) in base 2?
111100100011
Convert 110111100111010 (base 2) to base 7.
146005
What is 15b58 (base 12) in base 10?
31028
Convert -847 (base 16) to base 2.
-100001000111
What is -23102 (base 4) in base 10?
-722
3f11 (base 16) to base 11
11148
Convert 5533 (base 8) to base 13.
1428
-312022 (base 4) to base 15
-1061
Convert -879c (base 13) to base 3.
-221220120
Convert 20201 (base 3) to base 12.
131
Convert 165551 (base 8) to base 12.
2aa61
Convert 1000021 (base 3) to base 15.
341
Convert -24254 (base 8) to base 10.
-10412
-45 (base 16) to base 13
-54
What is -c4 (base 16) in base 11?
-169
Convert -1021212 (base 4) to base 12.
-2886
Convert 2233 (base 6) to base 5.
4100
What is 1400110 (base 5) in base 6?
334203
What is -212001 (base 4) in base 10?
-2433
Convert -100010